usands digit of 461878515?
8
What is the tens digit of 76853537?
3
What is the hundred thousands digit of 3337606?
3
What is the hundred thousands digit of 34652364?
6
What is the tens digit of 2373518274?
7
What is the units digit of 372428913?
3
What is the billions digit of 1358985689?
1
What is the hundreds digit of 82770110?
1
What is the thousands digit of 87792268?
2
What is the hundred thousands digit of 35274083?
2
What is the units digit of 147656423?
3
What is the millions digit of 2222272877?
2
What is the units digit of 973854378?
8
What is the thousands digit of 4796163?
6
What is the hundreds digit of 27506838?
8
What is the units digit of 33602088?
8
What is the hundreds digit of 232670376?
3
What is the hundreds digit of 726497778?
7
What is the tens digit of 4670788?
8
What is the hundreds digit of 6134648291?
2
What is the units digit of 47032277?
7
What is the hundred thousands digit of 26559467?
5
What is the tens digit of 3546966540?
4
What is the tens digit of 285064199?
9
What is the hundreds digit of 862971128?
1
What is the ten thousands digit of 33367759?
6
What is the tens digit of 26245886?
8
What is the thousands digit of 798452521?
2
What is the tens digit of 117212492?
9
What is the ten thousands digit of 170578688?
7
What is the hundreds digit of 177328421?
4
What is the units digit of 1884353396?
6
What is the hundred millions digit of 1649340151?
6
What is the hundred thousands digit of 2631384974?
3
What is the hundred thousands digit of 2640884034?
8
What is the thousands digit of 176822273?
2
What is the hundreds digit of 37868107?
1
What is the hundred millions digit of 1080267564?
0
What is the tens digit of 262006781?
8
What is the hundred millions digit of 137904414?
1
What is the ten millions digit of 1555747229?
5
What is the hundred thousands digit of 1037740217?
7
What is the ten millions digit of 1472016962?
7
What is the hundreds digit of 29392012?
0
What is the hundreds digit of 50315690?
6
What is the hundred millions digit of 450145289?
4
What is the tens digit of 218670599?
9
What is the ten thousands digit of 297570429?
7
What is the tens digit of 1270993553?
5
What is the millions digit of 2405197?
2
What is the units digit of 319380820?
0
What is the hundreds digit of 1775052081?
0
What is the ten thousands digit of 5480878?
8
What is the millions digit of 928578462?
8
What is the tens digit of 44547047?
4
What is the ten thousands digit of 99396365?
9
What is the ten millions digit of 1311113251?
1
What is the millions digit of 3884270406?
4
What is the ten thousands digit of 1598959813?
5
What is the billions digit of 1275193819?
1
What is the millions digit of 419035722?
9
What is the ten thousands digit of 822929596?
2
What is the ten millions digit of 106035029?
0
What is the units digit of 99464?
4
What is the billions digit of 1101928728?
1
What is the ten thousands digit of 56097227?
9
What is the millions digit of 80052150?
0
What is the hundred thousands digit of 113716879?
7
What is the hundreds digit of 395554315?
3
What is the thousands digit of 78586461?
6
What is the millions digit of 246236647?
6
What is the hundred millions digit of 103610732?
1
What is the thousands digit of 22255470?
5
What is the ten thousands digit of 38588479?
8
What is the hundreds digit of 25793176?
1
What is the hundreds digit of 1218748582?
5
What is the ten millions digit of 29168335?
2
What is the millions digit of 2115355?
2
What is the hundred millions digit of 915853520?
9
What is the tens digit of 18857214?
1
What is the hundred millions digit of 4611632373?
6
What is the ten millions digit of 40084704?
4
What is the units digit of 301331628?
8
What is the thousands digit of 122276370?
6
What is the millions digit of 41139061?
1
What is the hundred millions digit of 693784267?
6
What is the hundred millions digit of 4223124529?
2
What is the hundred millions digit of 6111242493?
1
What is the ten thousands digit of 99885751?
8
What is the units digit of 5264259794?
4
What is the units digit of 3465504941?
1
What is the thousands digit of 2260037188?
7
What is the hundreds digit of 700994896?
8
What is the thousands digit of 545849370?
9
What is the ten millions digit of 864642438?
6
What is the ten thousands digit of 131504363?
0
What is the millions digit of 194415719?
4
What is the ten thousands digit of 132732103?
3
What is the tens digit of 2025213271?
7
What is the ten thousands digit of 705736444?
3
What is the ten thousands digit of 16390449?
9
What is the ten millions digit of 140918086?
4
What is the tens digit of 27313?
1
What is the ten millions digit of 305540019?
0
What is the units digit of 45191145?
5
What is the hundred thousands digit of 436956030?
9
What is the ten thousands digit of 2825790?
2
What is the hundred millions digit of 1859610541?
8
What is the hundred thousands digit of 273703896?
7
What is the units digit of 13120194?
4
What is the ten millions digit of 1139421874?
3
What is the tens digit of 10457305?
0
What is the ten millions digit of 108172178?
0
What is the units digit of 2680112206?
6
What is the tens digit of 448407?
0
What is the hundred millions digit of 915647544?
9
What is the ten thousands digit of 1340042871?
4
What is the thousands digit of 260503250?
3
What is the ten millions digit of 201247458?
0
What is the millions digit of 262166746?
2
What is the ten thousands digit of 19521129?
2
What is the ten thousands digit of 890657558?
5
What is the units digit of 142422767?
7
What is the ten thousands digit of 571980991?
8
What is the units digit of 50971799?
9
What is the ten millions digit of 178866738?
7
What is the ten thousands digit of 482443167?
4
What is the ten millions digit of 1054970308?
5
What is the ten thousands digit of 85255212?
5
What is the units digit of 49539526?
6
What is the hundreds digit of 1719104985?
9
What is the hundred thousands digit of 251689?
2
What is the ten millions digit of 28564652?
2
What is the units digit of 408954107?
7
What is the millions digit of 101360731?
1
What is the hundreds digit of 13183072?
0
What is the ten thousands digit of 4254387924?
8
What is the billions digit of 2835809079?
2
What is the ten thousands digit of 60565667?
6
What is the ten millions digit of 63660784?
6
What is the hundred thousands digit of 510987648?
9
What is the hundreds digit of 1634441950?
9
What is the ten thousands digit of 118434835?
3
What is the thousands digit of 980761110?
1
What is the hundred millions digit of 1289595505?
2
What is the hundred thousands digit of 42582965?
5
What is the hundred thousands digit of 105473508?
4
What is the tens digit of 8326409828?
2
What is the tens digit of 8323333048?
4
What is the thousands digit of 6658432?
8
What is the millions digit of 546157584?
6
What is the hundred thousands digit of 607589547?
5
What is the hundred thousands digit of 89942247?
9
What is the hundred thousands digit of 654850471?
8
What is the millions digit of 26430454?
6
What is the units digit of 62025163?
3
What is the hundreds digit of 56921285?
2
What is the ten millions digit of 67923221?
6
What is the units digit of 1343780989?
9
What is the tens digit of 684207293?
9
What is the billions digit of 3870638045?
3
What is the billions digit of 7479697666?
7
What is the hundred millions digit of 517546059?
5
What is the tens digit of 8865456?
5
What is the tens digit of 173933762?
6
What is the ten thousands digit of 95466877?
6
What is the ten thousands digit of 1896344194?
4
What is the units digit of 2599770848?
8
What is the units digit of 4025125748?
8
What is the hundreds digit of 2724085422?
4
What is the hundreds digit of 865109188?
1
What is the tens digit of 1540710?
1
What is the hundreds digit of 50174489?
4
What is the hundred thousands digit of 475128423?
1
What is the hundred millions digit of 283216313?
2
What is the ten thousands digit of 1510136205?
3
What is the hundred millions digit of 237564783?
2
What is the hundreds digit of 4015038891?
8
What is the hundreds digit of 74731227?
2
What is the ten thousands digit of 52459902?
5
What is the tens digit of 114768335?
3
What is the hundreds digit of 430030220?
2
What is the millions digit of 104940961?
4
What is the hundreds 